*j**2 + 3. Determine a(-3).
3
Let v(u) = -u**3 - u**2 - 2*u - 1. Let c(r) = 3*r**3 + 3*r**2 - 16*r - 4. Let t(l) = c(l) + 2*v(l). Calculate t(-5).
-6
Let q be (-22)/143 + (-279)/(-39). Let m(x) = -x**3 + 8*x**2 - 10*x + 4. Give m(q).
-17
Suppose 0*p = -4*a + 4*p - 132, 5*a = -4*p - 210. Let j = -46 - a. Let i(r) = r**3 + 7*r**2 - 10*r - 12. Give i(j).
4
Let u(r) be the third derivative of -r**4/24 - r**3/6 - 72*r**2. Let q = -9 + 5. What is u(q)?
3
Let d = 11 - 27. Let r = 8 + d. Let t(w) = -w - 4. Determine t(r).
4
Let a(t) = -3*t - 6. Let c = 69 + -61. Suppose 0 = -3*n - d - 17, -5*d + 2 = -4*n - c. Determine a(n).
9
Let s(p) = 2*p + 8. Let f be 8/68 + (-45)/(-51) + -1. Calculate s(f).
8
Let y(a) be the first derivative of -a**3/3 + 7*a**2/2 - 6*a - 3. Let q(s) = s**2 - 8*s + 7. Let k(o) = 5*q(o) + 6*y(o). Give k(3).
-4
Suppose 2*u - 7 = 3. Let y(l) be the second derivative of 0*l**3 + 14*l - 1/20*l**5 - 1/2*l**2 + 0 + 5/12*l**4. Give y(u).
-1
Let v(p) be the second derivative of 0*p**2 - 1/2*p**3 - 24*p + 0. What is v(-2)?
6
Let q(u) = u**3 + u**2 + u + 17. Let n be (-4)/2*(-9)/18. Let s be 9/72 + n/(-8). Determine q(s).
17
Let g(k) be the second derivative of -5*k**3/6 + 17*k**2/2 - 3*k + 23. Calculate g(5).
-8
Let f(i) = i - 9. Let j(m) = 9. Let d(t) = 6*f(t) + 5*j(t). Determine d(-7).
-51
Suppose 4*k = 5*y - 135, 4*y - 4*k - 15 = 89. Let q = y + -30. Let l(a) = 7*a - a + 1 - 6*a + 3*a**2. What is l(q)?
4
Let k(n) = -9*n - 8. Let o(r) = r - 2. Let d(m) = k(m) + 6*o(m). Calculate d(-7).
1
Let n(g) be the second derivative of 5*g**3/6 - 7*g + 1. Suppose 0*u = 3*u - 6. Give n(u).
10
Let g(j) = 15 + 7 - 23 + 2*j. Suppose -8*u + 3*u = -20. Let b be -2*2/u - 4. What is g(b)?
-11
Let z(q) = 3 + 27*q**2 - 2*q + 4*q + 3 - 9 + 4. Suppose 2*b - 3 = 5*b. What is z(b)?
26
Let b(d) = -2*d + 1. Let l(t) = -9*t + 15. Let o(p) = 4*b(p) - l(p). Calculate o(11).
0
Suppose -y + 4*y = 39. Suppose 10*l - y*l = 3. Let n(q) = -q**2 - q + 1. Let u(c) = 3*c**3 + 7*c**2 + 5*c - 7. Let d(j) = -6*n(j) - u(j). What is d(l)?
2
Suppose -x = 3*n + 1 - 18, -3*n - 2*x = -22. Suppose -5*k = -n*a + 29 - 0, 5*k = -4*a + 19. Let g(l) = -l**3 + 6*l**2 - 7. What is g(a)?
-7
Let v(c) = -c**2 + 6*c - 6. Let j be 18/((-2)/4 - -2). Suppose -2*l = -8*t + 3*t + 4, -3*l + 7 = -t. Suppose j = -i + l*i. Determine v(i).
-6
Let t(o) = 182 - 85 - 11*o - 101. Determine t(-2).
18
Let u(x) = -5 + 0*x**3 + x**3 - 6004*x + 7*x**2 + 6008*x. Let a(z) = -3*z - 2. Let o be a(4). Let q = 8 + o. Calculate u(q).
7
Let f = -563 - -557. Let i(q) = 7*q**2 - 5*q**2 + 2 - 3*q**2 + 0*q**2 - 3*q. What is i(f)?
-16
Let p = 7 + -4. Let x(o) = -o**2 + 0*o**2 - 21 + 19 - p*o. Suppose -m - 1 = -3*f - 17, m = -4*f - 12. Determine x(f).
-6
Let h(p) = -52*p + 13*p + 20*p + 30*p - 11. Determine h(-5).
-66
Let c(h) = -3*h**2 - 6*h - 8. Let i(u) = 7*u**2 + 13*u + 15. Let v(z) = -5*c(z) - 2*i(z). Determine v(-5).
15
Let d(u) be the third derivative of u**6/120 + u**5/15 - u**3/2 + u**2. Suppose -2*s + 23 = 11. Suppose 0 = -2*q + s*q + 12. What is d(q)?
6
Suppose 5*w = 6 - 31. Let a = -7 - w. Let h(o) be the third derivative of -o**4/24 + 7*o**2. Give h(a).
2
Let x(j) = j**3 - j + 437*j**2 + j**3 - 438*j**2. Calculate x(-1).
-2
Suppose 6*s - 2*s - 20 = 0. Let l(y) = 4 + y + 0*y + s*y - 5*y. Let p be ((-18)/24)/(3/(-16)). Calculate l(p).
8
Let g(v) = -v**3 + 21*v**2 - 22*v + 46. Let b be g(20). Let h(j) = -b + j + 7*j + 8 + j**2. Let l = 7 + -11. Calculate h(l).
-14
Suppose 2*t + t - 99 = -3*g, -126 = -4*g + 2*t. Let f(v) = 2 - v**2 - g*v - 1 + 26*v. Calculate f(-7).
-6
Let q(p) = -48*p**2 + p - 1. Let k be 4/(-3) - (0 - (-14)/(-6)). Calculate q(k).
-48
Let j(u) = u**3 + 5*u**2 + 4. Let w be 63/9 - 9 - 3. Give j(w).
4
Let g(o) = o + 2 + 2 - 6 + 1. Calculate g(-9).
-10
Let r(j) = -8*j - 15. Let w(k) = 4*k + 7. Let c(a) = -2*r(a) - 5*w(a). Let l(s) = 4*s + 4. Let v(z) = -4*c(z) - 5*l(z). Give v(1).
-4
Let u = 752 - 753. Let b(r) = -5*r**3 + 3*r**2 + 2*r + 1. What is b(u)?
7
Let p(i) = i + 3. Let m(r) = -7*r - 26. Let j(u) = -m(u) - 6*p(u). Give j(-5).
3
Let h(p) = 7 - 12*p**2 + 7*p**2 - 23*p + 19*p + 4*p**2. Let z(v) = -2*v + 8. Let g be z(7). Give h(g).
-5
Suppose 0 = 2*o - 7*o + 2*s + 45, -5*o = 3*s - 20. Let d(i) = i + 9. Let l(w) = -8. Let y(f) = 2*d(f) + 3*l(f). Determine y(o).
8
Suppose 3*q = 2*f - 161, -2*q + 330 = f + 3*f. Let k(g) = -3 + f*g - 41*g - 2*g**2 + g**3 - 43*g. Let a be ((-3)/(-5))/((-4)/(-20)). Calculate k(a).
0
Let r(l) = l**3 + 2*l**2 - 2*l - 2. Let v(b) = 4*b**3 + 12*b**2 - 7*b - 9. Let s(c) = -6*r(c) + v(c). What is s(-2)?
9
Let n = 280 + -270. Let q(o) = o**2 - 7*o - 22. Give q(n).
8
Let x(p) = p**3 - 2*p**2 - 6*p + 2. Let g be (-8)/(-6)*(-6 + 3). Let b be (g/14)/(9/(-63)). Let r = 6 - b. What is x(r)?
10
Let r(j) be the first derivative of -j**2 + 10*j - 229. Suppose 0 = -3*w - 8 + 32. Let f be r(w). Let z(y) = y**2 + 4*y - 7. What is z(f)?
5
Let f = -63 + 66. Suppose 5*s = 3*a - 67, -f*s - 2*a = -s + 14. Let i(o) = o + 10. What is i(s)?
-1
Let j be (-4)/14 - 171/63. Let z(d) = -8*d + 14. Let o(c) = 2*c - 4. Let y(r) = 22*o(r) + 6*z(r). Calculate y(j).
8
Let o(v) = 2*v + 2. Let u(m) = 17*m + 24. Let t(n) = 6*o(n) - u(n). Give t(-3).
3
Let n(u) = -u**2 + 14*u + 2. Let y = 406 + -392. Give n(y).
2
Let x(r) be the second derivative of r**5/20 - r**4/3 - r**3/2 + 3*r**2 + 673*r. What is x(5)?
16
Let p(s) = 3. Let o(r) = -r - 3. Let w(f) = 3*o(f) + 2*p(f). Suppose -5*k = -0 - 15. Let y be k/2*4/(-2). Calculate w(y).
6
Let u(s) = s**2 - 10*s - 59. Let t be u(14). Let y(a) = a**3 + 5*a**2 - 3*a + 1. Determine y(t).
28
Let f(n) = 2*n - 5. Let b = 419 + -411. What is f(b)?
11
Let d(z) be the third derivative of 1/24*z**4 - 7*z**2 + 0*z - 1/720*z**6 - 3/40*z**5 + 0 + 0*z**3. Let u(r) be the second derivative of d(r). Give u(-7).
-2
Let x(o) = o - 19. Let y be ((-2)/8 - 98/8)*2. Let t = y - -25. Give x(t).
-19
Let l(x) = -5*x + 16. Let a = -2043 - -2049. What is l(a)?
-14
Let b = -225 - -222. Let x(c) = c**3 + 3*c**2 + c + 4. Determine x(b).
1
Let k(a) be the third derivative of a**5/60 + 5*a**4/8 + 2*a**3 - 14*a**2. Let x(w) = -w - 18. Let h be x(-4). What is k(h)?
-2
Let h = -23 - -31. Let n(m) = -7 + 2*m + 0*m + 6 - 11. What is n(h)?
4
Let q = -6155/6 - -1026. Let a(x) be the third derivative of -1/60*x**5 - 10*x**2 + 0 - q*x**3 + 7/24*x**4 + 0*x. Give a(5).
9
Let r(d) = d**3 - 9*d**2 - 10*d + 6. Let i = -14 - -8. Let l be (2/i*4)/((-6)/45). What is r(l)?
6
Let p(u) = u**2 + 3*u - 2. Suppose 0 = 5*j + v - 76, -4*j + 28 = -3*j - 3*v. Suppose -a - j + 14 = 0. Give p(a).
-4
Let y(n) = 2*n - 2. Let o(t) be the third derivative of -t**4/3 + 4*t**3/3 - 25*t**2. Let z(a) = -6*o(a) - 26*y(a). What is z(-3)?
16
Let b = 5 + -1. Let x(k) = -23*k - 4. Suppose c = 16 - 12. Let a(i) = -8*i - 2. Let w(o) = c*x(o) - 11*a(o). Calculate w(b).
-10
Let o(g) = -g**2 + 8*g + 4. Suppose 25*h - 31*h = -54. What is o(h)?
-5
Let o(q) be the first derivative of -q**3/3 - 5*q**2 + 20*q + 28. Let s be o(-12). Let u(p) = p**3 + 4*p**2 + 3. Determine u(s).
3
Let v(u) = -u**2 + 9. Let d = 217 - 221. Give v(d).
-7
Let c(a) be the second derivative of -a**5/20 + a**3/3 + 12*a + 4. Let z = -3 - -5. What is c(z)?
-4
Let h(g) be the second derivative of -4*g - 1/6*g**3 + 0 + 1/4*g**4 - g**2. What is h(-2)?
12
Let b = -10 - -14. Let i = 41 + -37. Let s(h) = -h**2 + 27*h**3 + i + 2*h - 26*h**3 - 3*h**2 - 4*h. What is s(b)?
-4
Let m(s) = -s**2 + s + 7. Let k be (2/8)/(2/24). Suppose 0 = h - k*u + 12, -3*h - 2*h + 16 = 4*u. Give m(h).
7
Let l(i) = -7*i + 79. Let j(a) = 7*a - 67. Let g(u) = -7*j(u) - 6*l(u). Give g(-2).
9
Let m(s) = -2*s + 1. Suppose 4*w + 2*v + 2*v = 0, 2*w + 5 = -v. Let d(y) = y + 7. Let n be d(w). Suppose 5 = f + n. Give m(f).
-5
Let x(j) = 4082 - 4*j - 3*j - 4040 + 3*j + 0*j. Determine x(10).
2
Let v(k) be the second derivative of -k**3/2 + k + 3. Give v(-6).
18
Let y be 3*-4*(-35)/20. Suppose -2*v + y = -31. Let c = -22 + v. Let k(t) = t**3 - 2*t**2 - 5*t - 1. What is k(c)?
11
Let y(q) be the second derivative of -q**5/60 - q**4/8 - 2*q**3/3 + 4*q**2 - 16*q. Let p(v) be the first derivative of y(v). Give p(-4).
-8
Let x = 235 - 226. Let l(w) = -w**3 + 10*w**2 - 12*w + 4. Give l(x).
-23
Let y be (-1 - -3)*1/(-2). Let v = 